9021
In base 12, what is 20 - -33833b?
33835b
In base 12, what is 2290 + -16334?
-14064
In base 7, what is 1 + -12252253?
-12252252
In base 3, what is -2111112122111101 + -112?
-2111112122111220
In base 10, what is 2 - 4586062?
-4586060
In base 4, what is 2311111 + -11012222?
-2101111
In base 6, what is 245 + 12312125?
12312414
In base 14, what is 9 - -114170?
114179
In base 14, what is 8308ac + -1?
8308ab
In base 9, what is -20 - 315821?
-315841
In base 15, what is -9a4e9e + 1d?
-9a4e81
In base 11, what is -6 + 93244?
93239
In base 16, what is -405e - -110d?
-2f51
In base 7, what is -4 - 10155244?
-10155251
In base 12, what is -295 - -13a2?
1109
In base 13, what is -826 - -144a97?
144271
In base 14, what is -8c72a + -19?
-8c745
In base 4, what is -133211130 - -11?
-133211113
In base 2, what is -101110001101011001010100010 - 10001?
-101110001101011001010110011
In base 2, what is -110000001011 + 100100101101101010?
100011111101011111
In base 3, what is -10 + 102110021202120?
102110021202110
In base 11, what is 770752 + 2?
770754
In base 3, what is -112110022021 - 1021?
-112110100112
In base 8, what is 1342512 - 227?
1342263
In base 3, what is -12 - -21122200010121011?
21122200010120222
In base 9, what is 346 + -308432?
-308075
In base 8, what is 114727 + -353?
114354
In base 15, what is -3 + -11b60e7e?
-11b60e82
In base 10, what is 3403 - 177?
3226
In base 3, what is -1002200 - -201200?
-101000
In base 5, what is -423144300221 + -4?
-423144300230
In base 9, what is -162877014 + 1?
-162877013
In base 13, what is 4a05 + -98a?
4048
In base 7, what is 23 + 2610060?
2610113
In base 8, what is 4 - 14264364?
-14264360
In base 7, what is 23634 - -6104?
33041
In base 16, what is -2 - -5af3e?
5af3c
In base 15, what is 24433 - -14?
24447
In base 16, what is 2bb - -1d5a?
2015
In base 2, what is 10 + 111000001100110110001001?
111000001100110110001011
In base 9, what is 1237565 + -4?
1237561
In base 14, what is -8 - -34145a?
341452
In base 12, what is 6935 + 166?
6a9b
In base 3, what is -221012001 - 2222?
-221022000
In base 14, what is 185c5 + 5bc8?
203ad
In base 14, what is -b8a7aa + 1d?
-b8a78b
In base 13, what is 1a714a - -23?
1a7170
In base 16, what is 3bc - 1fb5?
-1bf9
In base 2, what is -100 - -10011110010111110101110?
10011110010111110101010
In base 11, what is -12 + 165912?
165900
In base 8, what is -7107 + -6256?
-15365
In base 3, what is 1010102 + 1002111021?
1010121200
In base 11, what is 632622419 + 4?
632622422
In base 11, what is 202a491 - -121?
202a602
In base 12, what is 2 + 9484756?
9484758
In base 6, what is 203142 - -225?
203411
In base 15, what is -34 - -9b29e?
9b26a
In base 8, what is 672 - -100150?
101042
In base 11, what is -3 - -185a214?
185a211
In base 5, what is 11 - 43024332211?
-43024332200
In base 10, what is 37264209 + 3?
37264212
In base 16, what is -9426f0d - 3?
-9426f10
In base 12, what is -10b - 97761?
-97870
In base 3, what is 2201122122102 + 10?
2201122122112
In base 5, what is 422333442 - 12?
422333430
In base 3, what is 10020001102110100 + -100?
10020001102110000
In base 8, what is -15 - -12730311?
12730274
In base 15, what is -2e3487ad + -4?
-2e3487b2
In base 15, what is -1daa9a - 19?
-1daab4
In base 15, what is -6dec1 - -193?
-6dd2d
In base 6, what is -122 - -21521251?
21521125
In base 4, what is -31 - -13133312323?
13133312232
In base 7, what is 1053103 - -5?
1053111
In base 13, what is 4 - 4a2044a?
-4a20446
In base 8, what is -313 - 6567034?
-6567347
In base 7, what is -33 + 54236600?
54236534
In base 8, what is -1414135 - -165?
-1413750
In base 10, what is 143867 + -1951?
141916
In base 6, what is -42 - -241313120?
241313034
In base 6, what is 51510 - -2511?
54421
In base 14, what is 5250 + b17?
5d67
In base 11, what is 75185a0 + 20?
7518610
In base 6, what is 4324020 - 121?
4323455
In base 14, what is 69b - 185b1?
-17d14
In base 10, what is -1 - 807131?
-807132
In base 4, what is -202 + -22102303211?
-22102310013
In base 2, what is -1100011111001110111100 + 10101111?
-1100011111001100001101
In base 9, what is -3 - 74505343?
-74505346
In base 7, what is 4 - 6154666?
-6154662
In base 8, what is 7773 - 130045?
-120052
In base 16, what is 0 - 200c65?
-200c65
In base 9, what is -25 + -2703741?
-2703766
In base 4, what is 1 - -113010210233010?
113010210233011
In base 14, what is -8b3 - 2193?
-2a66
In base 13, what is -9607 - 333?
-993a
In base 12, what is -3 + -15265a80?
-15265a83
In base 14, what is 51c27 + 14ad?
532d6
In base 7, what is 3022220 + -654?
3021233
In base 7, what is 1 - 620160?
-620156
In base 14, what is dc7da05a + 2?
dc7da05c
In base 9, what is -728207 + -52?
-728260
In base 14, what is 358 - -97d0?
9b48
In base 12, what is -27 - -236a480?
236a455
In base 11, what is -118 + 463775?
463658
In base 4, what is -2 - -3230001233033?
3230001233031
In base 16, what is 1d5 + -b758e?
-b73b9
In base 3, what is 10 - -11221001212010?
11221001212020
In base 10, what is 2794 + 1283?
4077
In base 4, what is -22330000313 - 2?
-22330000321
In base 8, what is 220655454 - -1?
220655455
In base 14, what is d04 - 7d8?
50a
In base 6, what is 4035 - -33201?
41240
In base 5, what is -144212 + -1024232?
-1223444
In base 14, what is 11 + -c5d9c73?
-c5d9c62
In base 9, what is -133184073 - 1?
-133184074
In base 9, what is 6 - 87182115?
-87182108
In base 7, what is 16 + -1156316?
-1156300
In base 12, what is 1b8 - 12271?
-12075
In base 15, what is 0 + -326b8b?
-326b8b
In base 14, what is -3b46 - -a82?
-30a4
In base 8, what is -16 - 60707063?
-60707101
In base 12, what is -a3 - 139917?
-1399ba
In base 15, what is 1c0e + 2a05?
4714
In base 4, what is 2021302 - -13032?
2101000
In base 12, what is 67ab21a0 + 4?
67ab21a4
In base 8, what is 31507 - 611?
30676
In base 8, what is -1140 - 273260?
-274420
In base 6, what is 42353133 - 103?
42353030
In base 8, what is 2215 + -15627?
-13412
In base 6, what is -2141 + 21120?
14535
In base 3, what is 122000 + 222110200?
1000002200
In base 9, what is 1275114 + 25?
1275140
In base 5, what is -1221331 - 1410?
-1223241
In base 6, what is -113052454 + 22?
-113052432
In base 8, what is 3 + 1560545103?
1560545106
In base 14, what is 10abc - 544?
10578
In base 9, what is 380 + -32018?
-31528
In base 14, what is -69 - -22028a?
220221
In base 3, what is 0 + 220000100122022?
220000100122022
In base 3, what is -122210221 + -212010?
-200200001
In base 9, what is -3 - -28231076?
28231073
In base 11, what is 17 - 791a2?
-79186
In base 12, what is 1167 - -39795?
3a940
In base 6, what is 32305432 + 11?
32305443
In base 4, what is -10 - -1132220022123?
1132220022113
In base 8, what is -114440 + 642?
-113576
In base 12, what is -2a46 + 1719b?
14355
In base 13, what is a + -3c8767?
-3c875a
In base 16, what is -b78 + 178?
-a00
In base 4, what is -110310 + 20130010?
20013100
In base 15, what is -5 + -4b1d03?
-4b1d08
In base 6, what is 305 + 513541525?
513542234
In base 7, what is 23 - -3350601?
3350624
In base 12, what is 335213 - 60?
335173
In base 10, what is 98 - -297345?
297443
In base 3, what is 20222021 + -21220?
20200101
In base 2, what is -11100000001100100001 - 11?
-11100000001100100100
In base 10, what is 297648 + 169?
297817
In base 9, what is -337 - -52140?
51702
In base 2, what is -1011001011111010 + -101111101?
-1011010001110111
In base 9, what is 37143444 - 33?
37143411
In base 9, what is 4 + 2762726?
2762731
In base 7, what is 10564433 + 114?
10564550
In base 2, what is 110100011101010000010001110 + -10?
110100011101010000010001100
In base 11, what is -357 - -173?
-194
In base 9, what is 63 + -7287174?
-7287111
In base 16, what is 47b5 + -69?
474c
In base 5, what is -102 - -1232123242?
1232123140
In base 4, what is 103223122 - -1020131?
110303313
In base 13, what is 2 + 1327c61?
1327c63
In base 10, what is 22 + -5175657?
-5175635
In base 5, what is 2 + 32210324124?
32210324131
In base 7, what is 4002 + 2462?
6464
In base 2, what is 0 - 1111010000101110001000111?
-1111010000101110001000111
In base 3, what is 12021110212 + 10222?
12021121211
In base 9, what is 3 - -66328866?
66328870
In base 5, what is 10423333231 + 0?
10423333231
In base 9, what is 74415 - -684?
75210
In base 2, what is 1000100101101011011110 - 1110011?
1000100101101001101011
In base 7, what is 412 - 221065?
-220353
In base 6, what